{"id":579,"date":"2025-09-02T14:10:10","date_gmt":"2025-09-02T12:10:10","guid":{"rendered":"https:\/\/zhaoair.eu\/privacy-statement-eu\/"},"modified":"2025-09-03T04:52:11","modified_gmt":"2025-09-03T02:52:11","slug":"adatvedelmi-nyilatkozat","status":"publish","type":"page","link":"https:\/\/zhaoair.eu\/zh\/adatvedelmi-nyilatkozat\/","title":{"rendered":"\u9690\u79c1\u653f\u7b56"},"content":{"rendered":"<p>Ebben az adatv\u00e9delmi nyilatkozatban elmagyar\u00e1zzuk, hogy mit tesz\u00fcnk az \u00d6n adataival, amelyeket a <a href=\"https:\/\/zhaoair.eu\/zh\/?utm_source=chatgpt.com\">https:\/\/zhaoair.eu<\/a> weboldalon kereszt\u00fcl szerz\u00fcnk meg. Javasoljuk, hogy figyelmesen olvassa el ezt a nyilatkozatot. Az adatkezel\u00e9s sor\u00e1n betartjuk az adatv\u00e9delmi jogszab\u00e1lyokat. Ez t\u00f6bbek k\u00f6z\u00f6tt azt jelenti, hogy:<\/p>\n\n\n\n<ul class=\"wp-block-list\">\n<li>egy\u00e9rtelm\u0171en megjel\u00f6lj\u00fck, milyen c\u00e9lokra kezelj\u00fck a szem\u00e9lyes adatokat;<\/li>\n\n\n\n<li>csak a sz\u00fcks\u00e9ges szem\u00e9lyes adatokat gy\u0171jtj\u00fck \u00e9s kezelj\u00fck;<\/li>\n\n\n\n<li>amennyiben sz\u00fcks\u00e9ges, el\u0151sz\u00f6r az \u00d6n kifejezett hozz\u00e1j\u00e1rul\u00e1s\u00e1t k\u00e9rj\u00fck az adatkezel\u00e9shez;<\/li>\n\n\n\n<li>megfelel\u0151 biztons\u00e1gi int\u00e9zked\u00e9seket hozunk szem\u00e9lyes adatainak v\u00e9delme \u00e9rdek\u00e9ben, \u00e9s ugyanezt megk\u00f6vetelj\u00fck azokt\u00f3l a felekt\u0151l is, akik az adatokat a nev\u00fcnkben kezelik;<\/li>\n\n\n\n<li>tiszteletben tartjuk az \u00d6n jog\u00e1t arra, hogy szem\u00e9lyes adataihoz hozz\u00e1f\u00e9rjen, azokat helyesb\u00edtse vagy t\u00f6r\u00f6ltesse.<\/li>\n<\/ul>\n\n\n\n<p>Amennyiben k\u00e9rd\u00e9se van, vagy pontosan szeretn\u00e9 tudni, milyen adatokat t\u00e1rolunk \u00d6nr\u0151l, k\u00e9rj\u00fck, vegye fel vel\u00fcnk a kapcsolatot.<\/p>\n\n\n\n<h3 class=\"wp-block-heading\">1. C\u00e9l, adatok \u00e9s meg\u0151rz\u00e9si id\u0151<\/h3>\n\n\n\n<p>Szem\u00e9lyes adatokat k\u00fcl\u00f6nf\u00e9le, \u00fczleti tev\u00e9kenys\u00e9geinkhez kapcsol\u00f3d\u00f3 c\u00e9lokra gy\u0171jthet\u00fcnk vagy kaphatunk, t\u00f6bbek k\u00f6z\u00f6tt az al\u00e1bbi esetekben:<\/p>\n\n\n\n<p><strong>1.1 Kapcsolattart\u00e1s \u2013 telefonon, post\u00e1n, e-mailben \u00e9s\/vagy webes \u0171rlapokon kereszt\u00fcl<\/strong><br>Ehhez a k\u00f6vetkez\u0151 adatokat haszn\u00e1ljuk:<\/p>\n\n\n\n<ul class=\"wp-block-list\">\n<li>keresztn\u00e9v \u00e9s vezet\u00e9kn\u00e9v<\/li>\n\n\n\n<li>e-mail-c\u00edm<\/li>\n\n\n\n<li>telefonsz\u00e1m<\/li>\n<\/ul>\n\n\n\n<p><strong>Adatkezel\u00e9s jogalapja:<\/strong> az \u00d6n hozz\u00e1j\u00e1rul\u00e1sa.<br><strong>Meg\u0151rz\u00e9si id\u0151:<\/strong> az adatokat a szolg\u00e1ltat\u00e1s megsz\u0171n\u00e9s\u00e9ig \u0151rizz\u00fck meg.<\/p>\n\n\n\n<h3 class=\"wp-block-heading\">2. S\u00fctik<\/h3>\n\n\n\n<p>Weboldalunk s\u00fctiket haszn\u00e1l. A s\u00fctikr\u0151l b\u0151vebb t\u00e1j\u00e9koztat\u00e1st a S\u00fctiszab\u00e1lyzatban tal\u00e1l.<\/p>\n\n\n\n<h3 class=\"wp-block-heading\">3. Adattov\u00e1bb\u00edt\u00e1si gyakorlat<\/h3>\n\n\n\n<p>Szem\u00e9lyes adatokat csak akkor adunk ki, ha azt jogszab\u00e1ly vagy b\u00edr\u00f3s\u00e1gi v\u00e9gz\u00e9s k\u00f6telez\u0151v\u00e9 teszi, illetve ha hat\u00f3s\u00e1gi megkeres\u00e9s \u00e9rkezik, amennyiben azt m\u00e1s jogszab\u00e1lyok megengedik, vagy k\u00f6zbiztons\u00e1gi vizsg\u00e1lat r\u00e9szek\u00e9nt sz\u00fcks\u00e9gess\u00e9 v\u00e1lik.<\/p>\n\n\n\n<p>Ha a weboldalunk vagy szervezet\u00fcnk \u00e1tv\u00e9telre ker\u00fcl, elad\u00e1s, \u00f6sszeolvad\u00e1s vagy felv\u00e1s\u00e1rl\u00e1s t\u00f6rt\u00e9nik, az \u00d6n adatai tov\u00e1bb\u00edt\u00e1sra ker\u00fclhetnek tan\u00e1csad\u00f3ink, a leend\u0151 vev\u0151k, valamint az \u00faj tulajdonosok fel\u00e9.<\/p>\n\n\n\n<h3 class=\"wp-block-heading\">4. Biztons\u00e1g<\/h3>\n\n\n\n<p>Elk\u00f6telezettek vagyunk a szem\u00e9lyes adatok biztons\u00e1ga mellett. Megfelel\u0151 biztons\u00e1gi int\u00e9zked\u00e9seket alkalmazunk a vissza\u00e9l\u00e9sek \u00e9s a jogosulatlan hozz\u00e1f\u00e9r\u00e9s megakad\u00e1lyoz\u00e1s\u00e1ra. Ez biztos\u00edtja, hogy csak az arra jogosult szem\u00e9lyek f\u00e9rjenek hozz\u00e1 az adatokhoz, az adatokhoz val\u00f3 hozz\u00e1f\u00e9r\u00e9s v\u00e9dett legyen, \u00e9s biztons\u00e1gi int\u00e9zked\u00e9seinket rendszeresen fel\u00fclvizsg\u00e1ljuk.<\/p>\n\n\n\n<h3 class=\"wp-block-heading\">5. Harmadik felek weboldalai<\/h3>\n\n\n\n<p>Ez az adatv\u00e9delmi nyilatkozat nem vonatkozik a weboldalunkon tal\u00e1lhat\u00f3 hivatkoz\u00e1sokon kereszt\u00fcl el\u00e9rhet\u0151 harmadik felek weboldalaira. Nem tudjuk garant\u00e1lni, hogy ezek a felek megb\u00edzhat\u00f3an \u00e9s biztons\u00e1gosan kezelik szem\u00e9lyes adatait. Javasoljuk, hogy az ilyen weboldalak haszn\u00e1lata el\u0151tt olvassa el azok adatv\u00e9delmi nyilatkozatait.<\/p>\n\n\n\n<h3 class=\"wp-block-heading\">6. Az adatv\u00e9delmi nyilatkozat m\u00f3dos\u00edt\u00e1sai<\/h3>\n\n\n\n<p>Fenntartjuk a jogot, hogy m\u00f3dos\u00edtsuk ezt az adatv\u00e9delmi nyilatkozatot. Javasoljuk, hogy rendszeresen tekintse \u00e1t a nyilatkozatot, hogy tiszt\u00e1ban legyen az esetleges v\u00e1ltoz\u00e1sokkal. Emellett, ahol lehets\u00e9ges, akt\u00edvan t\u00e1j\u00e9koztatjuk \u00d6nt a m\u00f3dos\u00edt\u00e1sokr\u00f3l.<\/p>\n\n\n\n<h3 class=\"wp-block-heading\">7. Az \u00d6n adatainak megtekint\u00e9se \u00e9s m\u00f3dos\u00edt\u00e1sa<\/h3>\n\n\n\n<p>Amennyiben k\u00e9rd\u00e9se van, vagy szeretn\u00e9 tudni, hogy milyen szem\u00e9lyes adatokat t\u00e1rolunk \u00d6nr\u0151l, k\u00e9rj\u00fck, vegye fel vel\u00fcnk a kapcsolatot az al\u00e1bbi el\u00e9rhet\u0151s\u00e9geken. Az al\u00e1bbi jogok illetik meg:<\/p>\n\n\n\n<ul class=\"wp-block-list\">\n<li>Jog\u00e1ban \u00e1ll tudni, mi\u00e9rt van sz\u00fcks\u00e9g szem\u00e9lyes adataira, mi t\u00f6rt\u00e9nik azokkal, \u00e9s mennyi ideig ker\u00fclnek meg\u0151rz\u00e9sre.<\/li>\n\n\n\n<li><strong>Hozz\u00e1f\u00e9r\u00e9si jog:<\/strong> \u00d6n jogosult megismerni az \u00e1ltalunk kezelt szem\u00e9lyes adatait.<\/li>\n\n\n\n<li><strong>Helyesb\u00edt\u00e9shez val\u00f3 jog:<\/strong> \u00d6n jogosult szem\u00e9lyes adatait kieg\u00e9sz\u00edteni, jav\u00edtani, t\u00f6r\u00f6ltetni vagy z\u00e1roltatni.<\/li>\n\n\n\n<li><strong>Hozz\u00e1j\u00e1rul\u00e1s visszavon\u00e1s\u00e1nak joga:<\/strong> ha hozz\u00e1j\u00e1rul\u00e1s\u00e1t adta adatainak kezel\u00e9s\u00e9hez, b\u00e1rmikor visszavonhatja azt, \u00e9s k\u00e9rheti szem\u00e9lyes adatai t\u00f6rl\u00e9s\u00e9t.<\/li>\n\n\n\n<li><strong>Adathordozhat\u00f3s\u00e1ghoz val\u00f3 jog:<\/strong> \u00d6n jogosult k\u00e9rni, hogy minden szem\u00e9lyes adat\u00e1t egy m\u00e1sik adatkezel\u0151nek adjuk \u00e1t.<\/li>\n\n\n\n<li><strong>Tiltakoz\u00e1si jog:<\/strong> \u00d6n jogosult tiltakozni adatai kezel\u00e9se ellen. Ez esetben eleget tesz\u00fcnk a k\u00e9r\u00e9snek, kiv\u00e9ve, ha adatkezel\u00e9s\u00fcnk igazoltan indokolt okon alapul.<\/li>\n<\/ul>\n\n\n\n<p>K\u00e9rj\u00fck, minden esetben egy\u00e9rtelm\u0171en adja meg szem\u00e9lyazonoss\u00e1g\u00e1t, hogy biztosak lehess\u00fcnk abban, hogy nem t\u00e9ves szem\u00e9ly adatait m\u00f3dos\u00edtjuk vagy t\u00f6r\u00f6lj\u00fck.<\/p>\n\n\n\n<h3 class=\"wp-block-heading\">8. Panaszt\u00e9tel<\/h3>\n\n\n\n<p>Ha nincs megel\u00e9gedve azzal, ahogyan a szem\u00e9lyes adatainak kezel\u00e9s\u00e9t (illetve az arra vonatkoz\u00f3 panasz\u00e1t) int\u00e9zz\u00fck, \u00d6nnek joga van panaszt tenni a Nemzeti Adatv\u00e9delmi \u00e9s Inform\u00e1ci\u00f3szabads\u00e1g Hat\u00f3s\u00e1gn\u00e1l.<\/p>\n\n\n\n<h3 class=\"wp-block-heading\">9. El\u00e9rhet\u0151s\u00e9gek<\/h3>\n\n\n\n<p><strong>Zhao Air System Hungary Kft.<\/strong><br>5123 J\u00e1sz\u00e1roksz\u00e1ll\u00e1s, Ipari \u00fat 2.<br>Magyarorsz\u00e1g<br>Weboldal: <a href=\"https:\/\/zhaoair.eu\/zh\/?utm_source=chatgpt.com\">https:\/\/zhaoair.eu<\/a><br>\u7535\u5b50\u90ae\u7bb1\uff1a <a>info@zhaoair.eu<\/a><\/p>","protected":false},"excerpt":{"rendered":"<p>Ebben az adatv\u00e9delmi nyilatkozatban elmagyar\u00e1zzuk, hogy mit tesz\u00fcnk az \u00d6n adataival, amelyeket a https:\/\/zhaoair.eu weboldalon kereszt\u00fcl szerz\u00fcnk meg. Javasoljuk, hogy figyelmesen olvassa el ezt a nyilatkozatot. Az adatkezel\u00e9s sor\u00e1n betartjuk az adatv\u00e9delmi jogszab\u00e1lyokat. Ez t\u00f6bbek k\u00f6z\u00f6tt azt jelenti, hogy: Amennyiben k\u00e9rd\u00e9se van, vagy pontosan szeretn\u00e9 tudni, milyen adatokat t\u00e1rolunk \u00d6nr\u0151l, k\u00e9rj\u00fck, vegye fel vel\u00fcnk a [&hellip;]<\/p>","protected":false},"author":1,"featured_media":0,"parent":0,"menu_order":0,"comment_status":"closed","ping_status":"closed","template":"","meta":{"_acf_changed":false,"footnotes":""},"class_list":["post-579","page","type-page","status-publish","hentry"],"acf":[],"_links":{"self":[{"href":"https:\/\/zhaoair.eu\/zh\/wp-json\/wp\/v2\/pages\/579","targetHints":{"allow":["GET"]}}],"collection":[{"href":"https:\/\/zhaoair.eu\/zh\/wp-json\/wp\/v2\/pages"}],"about":[{"href":"https:\/\/zhaoair.eu\/zh\/wp-json\/wp\/v2\/types\/page"}],"author":[{"embeddable":true,"href":"https:\/\/zhaoair.eu\/zh\/wp-json\/wp\/v2\/users\/1"}],"replies":[{"embeddable":true,"href":"https:\/\/zhaoair.eu\/zh\/wp-json\/wp\/v2\/comments?post=579"}],"version-history":[{"count":1,"href":"https:\/\/zhaoair.eu\/zh\/wp-json\/wp\/v2\/pages\/579\/revisions"}],"predecessor-version":[{"id":604,"href":"https:\/\/zhaoair.eu\/zh\/wp-json\/wp\/v2\/pages\/579\/revisions\/604"}],"wp:attachment":[{"href":"https:\/\/zhaoair.eu\/zh\/wp-json\/wp\/v2\/media?parent=579"}],"curies":[{"name":"wp","href":"https:\/\/api.w.org\/{rel}","templated":true}]}}

隐私政策

<p>Ebben az adatvédelmi nyilatkozatban elmagyarázzuk, hogy mit teszünk az Ön adataival, amelyeket a <a href="https://zhaoair.eu/zh/?utm_source=chatgpt.com">https://zhaoair.eu</a> weboldalon keresztül szerzünk meg. Javasoljuk, hogy figyelmesen olvassa el ezt a nyilatkozatot. Az adatkezelés során betartjuk az adatvédelmi jogszabályokat. Ez többek között azt jelenti, hogy:</p>



<ul class="wp-block-list">
<li>egyértelműen megjelöljük, milyen célokra kezeljük a személyes adatokat;</li>



<li>csak a szükséges személyes adatokat gyűjtjük és kezeljük;</li>



<li>amennyiben szükséges, először az Ön kifejezett hozzájárulását kérjük az adatkezeléshez;</li>



<li>megfelelő biztonsági intézkedéseket hozunk személyes adatainak védelme érdekében, és ugyanezt megköveteljük azoktól a felektől is, akik az adatokat a nevünkben kezelik;</li>



<li>tiszteletben tartjuk az Ön jogát arra, hogy személyes adataihoz hozzáférjen, azokat helyesbítse vagy töröltesse.</li>
</ul>



<p>Amennyiben kérdése van, vagy pontosan szeretné tudni, milyen adatokat tárolunk Önről, kérjük, vegye fel velünk a kapcsolatot.</p>



<h3 class="wp-block-heading">1. Cél, adatok és megőrzési idő</h3>



<p>Személyes adatokat különféle, üzleti tevékenységeinkhez kapcsolódó célokra gyűjthetünk vagy kaphatunk, többek között az alábbi esetekben:</p>



<p><strong>1.1 Kapcsolattartás – telefonon, postán, e-mailben és/vagy webes űrlapokon keresztül</strong><br>Ehhez a következő adatokat használjuk:</p>



<ul class="wp-block-list">
<li>keresztnév és vezetéknév</li>



<li>e-mail-cím</li>



<li>telefonszám</li>
</ul>



<p><strong>Adatkezelés jogalapja:</strong> az Ön hozzájárulása.<br><strong>Megőrzési idő:</strong> az adatokat a szolgáltatás megszűnéséig őrizzük meg.</p>



<h3 class="wp-block-heading">2. Sütik</h3>



<p>Weboldalunk sütiket használ. A sütikről bővebb tájékoztatást a Sütiszabályzatban talál.</p>



<h3 class="wp-block-heading">3. Adattovábbítási gyakorlat</h3>



<p>Személyes adatokat csak akkor adunk ki, ha azt jogszabály vagy bírósági végzés kötelezővé teszi, illetve ha hatósági megkeresés érkezik, amennyiben azt más jogszabályok megengedik, vagy közbiztonsági vizsgálat részeként szükségessé válik.</p>



<p>Ha a weboldalunk vagy szervezetünk átvételre kerül, eladás, összeolvadás vagy felvásárlás történik, az Ön adatai továbbításra kerülhetnek tanácsadóink, a leendő vevők, valamint az új tulajdonosok felé.</p>



<h3 class="wp-block-heading">4. Biztonság</h3>



<p>Elkötelezettek vagyunk a személyes adatok biztonsága mellett. Megfelelő biztonsági intézkedéseket alkalmazunk a visszaélések és a jogosulatlan hozzáférés megakadályozására. Ez biztosítja, hogy csak az arra jogosult személyek férjenek hozzá az adatokhoz, az adatokhoz való hozzáférés védett legyen, és biztonsági intézkedéseinket rendszeresen felülvizsgáljuk.</p>



<h3 class="wp-block-heading">5. Harmadik felek weboldalai</h3>



<p>Ez az adatvédelmi nyilatkozat nem vonatkozik a weboldalunkon található hivatkozásokon keresztül elérhető harmadik felek weboldalaira. Nem tudjuk garantálni, hogy ezek a felek megbízhatóan és biztonságosan kezelik személyes adatait. Javasoljuk, hogy az ilyen weboldalak használata előtt olvassa el azok adatvédelmi nyilatkozatait.</p>



<h3 class="wp-block-heading">6. Az adatvédelmi nyilatkozat módosításai</h3>



<p>Fenntartjuk a jogot, hogy módosítsuk ezt az adatvédelmi nyilatkozatot. Javasoljuk, hogy rendszeresen tekintse át a nyilatkozatot, hogy tisztában legyen az esetleges változásokkal. Emellett, ahol lehetséges, aktívan tájékoztatjuk Önt a módosításokról.</p>



<h3 class="wp-block-heading">7. Az Ön adatainak megtekintése és módosítása</h3>



<p>Amennyiben kérdése van, vagy szeretné tudni, hogy milyen személyes adatokat tárolunk Önről, kérjük, vegye fel velünk a kapcsolatot az alábbi elérhetőségeken. Az alábbi jogok illetik meg:</p>



<ul class="wp-block-list">
<li>Jogában áll tudni, miért van szükség személyes adataira, mi történik azokkal, és mennyi ideig kerülnek megőrzésre.</li>



<li><strong>Hozzáférési jog:</strong> Ön jogosult megismerni az általunk kezelt személyes adatait.</li>



<li><strong>Helyesbítéshez való jog:</strong> Ön jogosult személyes adatait kiegészíteni, javítani, töröltetni vagy zároltatni.</li>



<li><strong>Hozzájárulás visszavonásának joga:</strong> ha hozzájárulását adta adatainak kezeléséhez, bármikor visszavonhatja azt, és kérheti személyes adatai törlését.</li>



<li><strong>Adathordozhatósághoz való jog:</strong> Ön jogosult kérni, hogy minden személyes adatát egy másik adatkezelőnek adjuk át.</li>



<li><strong>Tiltakozási jog:</strong> Ön jogosult tiltakozni adatai kezelése ellen. Ez esetben eleget teszünk a kérésnek, kivéve, ha adatkezelésünk igazoltan indokolt okon alapul.</li>
</ul>



<p>Kérjük, minden esetben egyértelműen adja meg személyazonosságát, hogy biztosak lehessünk abban, hogy nem téves személy adatait módosítjuk vagy töröljük.</p>



<h3 class="wp-block-heading">8. Panasztétel</h3>



<p>Ha nincs megelégedve azzal, ahogyan a személyes adatainak kezelését (illetve az arra vonatkozó panaszát) intézzük, Önnek joga van panaszt tenni a Nemzeti Adatvédelmi és Információszabadság Hatóságnál.</p>



<h3 class="wp-block-heading">9. Elérhetőségek</h3>



<p><strong>Zhao Air System Hungary Kft.</strong><br>5123 Jászárokszállás, Ipari út 2.<br>Magyarország<br>Weboldal: <a href="https://zhaoair.eu/zh/?utm_source=chatgpt.com">https://zhaoair.eu</a><br>电子邮箱： <a>info@zhaoair.eu</a></p>

<p>Ebben az adatvédelmi nyilatkozatban elmagyarázzuk, hogy mit teszünk az Ön adataival, amelyeket a https://zhaoair.eu weboldalon keresztül szerzünk meg. Javasoljuk, hogy figyelmesen olvassa el ezt a nyilatkozatot. Az adatkezelés során betartjuk az adatvédelmi jogszabályokat. Ez többek között azt jelenti, hogy: Amennyiben kérdése van, vagy pontosan szeretné tudni, milyen adatokat tárolunk Önről, kérjük, vegye fel velünk a [&hellip;]</p>
