{"id":578,"date":"2025-09-02T14:10:10","date_gmt":"2025-09-02T12:10:10","guid":{"rendered":"https:\/\/zhaoair.eu\/cookie-policy-eu\/"},"modified":"2025-09-03T04:31:47","modified_gmt":"2025-09-03T02:31:47","slug":"sutiszabalyzat","status":"publish","type":"page","link":"https:\/\/zhaoair.eu\/zh\/sutiszabalyzat\/","title":{"rendered":"S\u00fctiszab\u00e1lyzat"},"content":{"rendered":"<h3 class=\"wp-block-heading\">1. Bevezet\u00e9s<\/h3>\n\n\n\n<p>A <a href=\"https:\/\/zhaoair.eu\/zh\/?utm_source=chatgpt.com\">https:\/\/zhaoair.eu<\/a> weboldal (a tov\u00e1bbiakban: \u201eweboldal\u201d) s\u00fctiket \u00e9s m\u00e1s kapcsol\u00f3d\u00f3 technol\u00f3gi\u00e1kat haszn\u00e1l (az egyszer\u0171s\u00e9g kedv\u00e9\u00e9rt a tov\u00e1bbiakban minden technol\u00f3gi\u00e1t \u201es\u00fctiknek\u201d nevez\u00fcnk). Harmadik felek is elhelyezhetnek s\u00fctiket a weboldalon. Az al\u00e1bbi dokumentumban t\u00e1j\u00e9koztatjuk \u00d6nt a s\u00fctik haszn\u00e1lat\u00e1r\u00f3l.<\/p>\n\n\n\n<h3 class=\"wp-block-heading\">2. Mik azok a s\u00fctik?<\/h3>\n\n\n\n<p>A s\u00fcti egy kis, egyszer\u0171 f\u00e1jl, amely a weboldal megl\u00e1togat\u00e1sakor a b\u00f6ng\u00e9sz\u0151 seg\u00edts\u00e9g\u00e9vel az \u00d6n sz\u00e1m\u00edt\u00f3g\u00e9p\u00e9nek vagy m\u00e1s eszk\u00f6z\u00e9nek merevlemez\u00e9n ker\u00fcl t\u00e1rol\u00e1sra. A benn\u00fck t\u00e1rolt inform\u00e1ci\u00f3k k\u00e9s\u0151bbi l\u00e1togat\u00e1skor visszak\u00fcldhet\u0151k a mi szervereinknek vagy az \u00e9rintett harmadik felek szervereinek.<\/p>\n\n\n\n<h3 class=\"wp-block-heading\">3. Mik azok a scriptek?<\/h3>\n\n\n\n<p>A script egy programk\u00f3dr\u00e9szlet, amely biztos\u00edtja a weboldal megfelel\u0151 \u00e9s interakt\u00edv m\u0171k\u00f6d\u00e9s\u00e9t. A k\u00f3d futtathat\u00f3 a szerver\u00fcnk\u00f6n vagy az \u00d6n eszk\u00f6z\u00e9n.<\/p>\n\n\n\n<h3 class=\"wp-block-heading\">4. Mi az a webjelz\u0151?<\/h3>\n\n\n\n<p>A webjelz\u0151 (vagy pixel tag) egy apr\u00f3, l\u00e1thatatlan sz\u00f6veg- vagy k\u00e9pelem a weboldalon, amely a weboldal forgalm\u00e1nak nyomon k\u00f6vet\u00e9s\u00e9re szolg\u00e1l. A webjelz\u0151k seg\u00edts\u00e9g\u00e9vel k\u00fcl\u00f6nf\u00e9le adatokat t\u00e1rolunk \u00d6nr\u0151l.<\/p>\n\n\n\n<h3 class=\"wp-block-heading\">5. S\u00fctik<\/h3>\n\n\n\n<p><strong>5.1 Technikai vagy funkcion\u00e1lis s\u00fctik<\/strong><br>Egyes s\u00fctik biztos\u00edtj\u00e1k, hogy a weboldal bizonyos r\u00e9szei megfelel\u0151en m\u0171k\u00f6djenek, \u00e9s hogy az \u00d6n felhaszn\u00e1l\u00f3i be\u00e1ll\u00edt\u00e1sai megmaradjanak. A funkcion\u00e1lis s\u00fctik elhelyez\u00e9s\u00e9vel megk\u00f6nny\u00edtj\u00fck a weboldal haszn\u00e1lat\u00e1t. Ennek k\u00f6sz\u00f6nhet\u0151en p\u00e9ld\u00e1ul nem sz\u00fcks\u00e9ges ism\u00e9telten megadnia ugyanazokat az adatokat, \u00e9s a kosar\u00e1ban maradnak a term\u00e9kek a fizet\u00e9sig. Ezeket a s\u00fctiket az \u00d6n hozz\u00e1j\u00e1rul\u00e1sa n\u00e9lk\u00fcl is elhelyezhetj\u00fck.<\/p>\n\n\n\n<h3 class=\"wp-block-heading\">6. Elhelyezett s\u00fctik<\/h3>\n\n\n\n<p><strong>WordPress<\/strong><br>Funkcion\u00e1lis<\/p>\n\n\n\n<ul class=\"wp-block-list\">\n<li>N\u00e9v: wpEmojiSettingsSupports<\/li>\n\n\n\n<li>Lej\u00e1rat: Munkamenet<\/li>\n\n\n\n<li>Funkci\u00f3: A b\u00f6ng\u00e9sz\u0151 adatait t\u00e1rolja<\/li>\n<\/ul>\n\n\n\n<p><strong>Egy\u00e9b<\/strong><\/p>\n\n\n\n<ul class=\"wp-block-list\">\n<li>Adatmegoszt\u00e1s: vizsg\u00e1lat alatt<\/li>\n\n\n\n<li>N\u00e9v: brx_builder_dynamic_data_active_groups<\/li>\n\n\n\n<li>N\u00e9v: brx_state_themeStyles<\/li>\n\n\n\n<li>N\u00e9v: brx_active_window<\/li>\n\n\n\n<li>N\u00e9v: brx_show_pseudo_classes<\/li>\n\n\n\n<li>N\u00e9v: brx_builder_panel_width<\/li>\n\n\n\n<li>N\u00e9v: brx_state_globalClasses<\/li>\n\n\n\n<li>N\u00e9v: brx_state_colorPalette<\/li>\n\n\n\n<li>N\u00e9v: tabId<\/li>\n<\/ul>\n\n\n\n<h3 class=\"wp-block-heading\">7. Hozz\u00e1j\u00e1rul\u00e1s<\/h3>\n\n\n\n<p>Amikor els\u0151 alkalommal l\u00e1togatja meg weboldalunkat, egy felugr\u00f3 ablakban t\u00e1j\u00e9koztatjuk \u00d6nt a s\u00fctikr\u0151l. Amint az \u201eMent\u00e9s\u201d gombra kattint, \u00d6n hozz\u00e1j\u00e1rul ahhoz, hogy az \u00d6n \u00e1ltal kiv\u00e1lasztott kateg\u00f3ri\u00e1k szerinti s\u00fctiket \u00e9s be\u00e9p\u00fcl\u0151ket elhelyezz\u00fck, a jelen szab\u00e1lyzatban le\u00edrtak szerint. A s\u00fctik haszn\u00e1lat\u00e1t b\u00f6ng\u00e9sz\u0151j\u00e9n kereszt\u00fcl b\u00e1rmikor letilthatja, de k\u00e9rj\u00fck, vegye figyelembe, hogy ebben az esetben weboldalunk m\u0171k\u00f6d\u00e9se nem lesz teljes k\u00f6r\u0171.<\/p>\n\n\n\n<p><strong>7.1 Hozz\u00e1j\u00e1rul\u00e1si be\u00e1ll\u00edt\u00e1sok kezel\u00e9se<\/strong><br>Funkcion\u00e1lis \u2013 Mindig akt\u00edv<br>A technikai t\u00e1rol\u00e1s vagy hozz\u00e1f\u00e9r\u00e9s felt\u00e9tlen\u00fcl sz\u00fcks\u00e9ges az \u00d6n \u00e1ltal k\u00e9rt meghat\u00e1rozott szolg\u00e1ltat\u00e1s ig\u00e9nybev\u00e9tel\u00e9hez, illetve kiz\u00e1r\u00f3lag az elektronikus h\u00edrk\u00f6zl\u0151 h\u00e1l\u00f3zaton t\u00f6rt\u00e9n\u0151 adat\u00e1tvitelhez.<\/p>\n\n\n\n<h3 class=\"wp-block-heading\">8. S\u00fctik enged\u00e9lyez\u00e9se\/letilt\u00e1sa \u00e9s t\u00f6rl\u00e9se<\/h3>\n\n\n\n<p>Az internetb\u00f6ng\u00e9sz\u0151je seg\u00edts\u00e9g\u00e9vel automatikusan vagy manu\u00e1lisan t\u00f6r\u00f6lheti a s\u00fctiket. Be\u00e1ll\u00edthatja azt is, hogy bizonyos s\u00fctik ne ker\u00fcljenek elhelyez\u00e9sre. Arra is van lehet\u0151s\u00e9g, hogy minden alkalommal \u00e9rtes\u00edt\u00e9st kapjon, amikor egy s\u00fcti ker\u00fcl elhelyez\u00e9sre. Ezekr\u0151l a lehet\u0151s\u00e9gekr\u0151l b\u0151vebben a b\u00f6ng\u00e9sz\u0151 S\u00fag\u00f3 r\u00e9sz\u00e9ben tal\u00e1l inform\u00e1ci\u00f3t.<br>K\u00e9rj\u00fck, vegye figyelembe, hogy weboldalunk nem fog megfelel\u0151en m\u0171k\u00f6dni, ha minden s\u00fcti le van tiltva. Amennyiben a b\u00f6ng\u00e9sz\u0151ben t\u00f6rli a s\u00fctiket, azok ism\u00e9t elhelyez\u00e9sre ker\u00fclnek, amikor ism\u00e9t megl\u00e1togatja weboldalunkat \u00e9s hozz\u00e1j\u00e1rul ezekhez.<\/p>\n\n\n\n<h3 class=\"wp-block-heading\">9. Az \u00d6n szem\u00e9lyes adataihoz kapcsol\u00f3d\u00f3 jogai<\/h3>\n\n\n\n<p>Az \u00d6n szem\u00e9lyes adataival kapcsolatban a k\u00f6vetkez\u0151 jogok illetik meg:<\/p>\n\n\n\n<ul class=\"wp-block-list\">\n<li>Jog\u00e1ban \u00e1ll tudni, mi\u00e9rt van sz\u00fcks\u00e9g szem\u00e9lyes adataira, mi t\u00f6rt\u00e9nik azokkal, \u00e9s mennyi ideig ker\u00fclnek meg\u0151rz\u00e9sre.<\/li>\n\n\n\n<li>Hozz\u00e1f\u00e9r\u00e9si jog: jogosult megismerni az \u00e1ltalunk kezelt szem\u00e9lyes adatait.<\/li>\n\n\n\n<li>Helyesb\u00edt\u00e9shez val\u00f3 jog: jogosult szem\u00e9lyes adatait kieg\u00e9sz\u00edteni, jav\u00edtani, t\u00f6r\u00f6ltetni vagy z\u00e1roltatni.<\/li>\n\n\n\n<li>Ha hozz\u00e1j\u00e1rul\u00e1s\u00e1t adta adatainak kezel\u00e9s\u00e9hez, jog\u00e1ban \u00e1ll azt visszavonni, valamint k\u00e9rni szem\u00e9lyes adatainak t\u00f6rl\u00e9s\u00e9t.<\/li>\n\n\n\n<li>Adathordozhat\u00f3s\u00e1ghoz val\u00f3 jog: jogosult k\u00e9rni, hogy minden szem\u00e9lyes adat\u00e1t \u00e1tadjuk egy m\u00e1sik adatkezel\u0151nek.<\/li>\n\n\n\n<li>Tiltakoz\u00e1si jog: jogosult tiltakozni szem\u00e9lyes adatai kezel\u00e9se ellen. Ebben az esetben ennek eleget tesz\u00fcnk, kiv\u00e9ve, ha az adatkezel\u00e9st igazoltan indokolt okok t\u00e1masztj\u00e1k al\u00e1.<\/li>\n<\/ul>\n\n\n\n<p>Ezen jogok gyakorl\u00e1s\u00e1hoz k\u00e9rj\u00fck, vegye fel vel\u00fcnk a kapcsolatot. El\u00e9rhet\u0151s\u00e9geinket jelen szab\u00e1lyzat v\u00e9g\u00e9n tal\u00e1lja. Amennyiben panasza van az adatkezel\u00e9ssel kapcsolatban, sz\u00edvesen meghallgatjuk, de joga van a fel\u00fcgyeleti hat\u00f3s\u00e1gn\u00e1l (Nemzeti Adatv\u00e9delmi \u00e9s Inform\u00e1ci\u00f3szabads\u00e1g Hat\u00f3s\u00e1g) panaszt tenni.<\/p>\n\n\n\n<h3 class=\"wp-block-heading\">10. El\u00e9rhet\u0151s\u00e9gek<\/h3>\n\n\n\n<p>Amennyiben k\u00e9rd\u00e9se \u00e9s\/vagy \u00e9szrev\u00e9tele van s\u00fctiszab\u00e1lyzatunkkal kapcsolatban, k\u00e9rj\u00fck, vegye fel vel\u00fcnk a kapcsolatot az al\u00e1bbi el\u00e9rhet\u0151s\u00e9geken:<\/p>\n\n\n\n<p>Zhao Air System Hungary Kft.<br>5123 J\u00e1sz\u00e1roksz\u00e1ll\u00e1s, Ipari \u00fat 2.<br>Magyarorsz\u00e1g<br>Weboldal: <a href=\"https:\/\/zhaoair.eu\/zh\/?utm_source=chatgpt.com\">https:\/\/zhaoair.eu<\/a><br>\u7535\u5b50\u90ae\u7bb1\uff1a <a>info@zhaoair.eu<\/a><\/p>","protected":false},"excerpt":{"rendered":"<p>1. Bevezet\u00e9s A https:\/\/zhaoair.eu weboldal (a tov\u00e1bbiakban: \u201eweboldal\u201d) s\u00fctiket \u00e9s m\u00e1s kapcsol\u00f3d\u00f3 technol\u00f3gi\u00e1kat haszn\u00e1l (az egyszer\u0171s\u00e9g kedv\u00e9\u00e9rt a tov\u00e1bbiakban minden technol\u00f3gi\u00e1t \u201es\u00fctiknek\u201d nevez\u00fcnk). Harmadik felek is elhelyezhetnek s\u00fctiket a weboldalon. Az al\u00e1bbi dokumentumban t\u00e1j\u00e9koztatjuk \u00d6nt a s\u00fctik haszn\u00e1lat\u00e1r\u00f3l. 2. Mik azok a s\u00fctik? A s\u00fcti egy kis, egyszer\u0171 f\u00e1jl, amely a weboldal megl\u00e1togat\u00e1sakor a b\u00f6ng\u00e9sz\u0151 [&hellip;]<\/p>","protected":false},"author":1,"featured_media":0,"parent":0,"menu_order":0,"comment_status":"closed","ping_status":"closed","template":"","meta":{"_acf_changed":false,"footnotes":""},"class_list":["post-578","page","type-page","status-publish","hentry"],"acf":[],"_links":{"self":[{"href":"https:\/\/zhaoair.eu\/zh\/wp-json\/wp\/v2\/pages\/578","targetHints":{"allow":["GET"]}}],"collection":[{"href":"https:\/\/zhaoair.eu\/zh\/wp-json\/wp\/v2\/pages"}],"about":[{"href":"https:\/\/zhaoair.eu\/zh\/wp-json\/wp\/v2\/types\/page"}],"author":[{"embeddable":true,"href":"https:\/\/zhaoair.eu\/zh\/wp-json\/wp\/v2\/users\/1"}],"replies":[{"embeddable":true,"href":"https:\/\/zhaoair.eu\/zh\/wp-json\/wp\/v2\/comments?post=578"}],"version-history":[{"count":2,"href":"https:\/\/zhaoair.eu\/zh\/wp-json\/wp\/v2\/pages\/578\/revisions"}],"predecessor-version":[{"id":594,"href":"https:\/\/zhaoair.eu\/zh\/wp-json\/wp\/v2\/pages\/578\/revisions\/594"}],"wp:attachment":[{"href":"https:\/\/zhaoair.eu\/zh\/wp-json\/wp\/v2\/media?parent=578"}],"curies":[{"name":"wp","href":"https:\/\/api.w.org\/{rel}","templated":true}]}}

Sütiszabályzat

<h3 class="wp-block-heading">1. Bevezetés</h3>



<p>A <a href="https://zhaoair.eu/zh/?utm_source=chatgpt.com">https://zhaoair.eu</a> weboldal (a továbbiakban: „weboldal”) sütiket és más kapcsolódó technológiákat használ (az egyszerűség kedvéért a továbbiakban minden technológiát „sütiknek” nevezünk). Harmadik felek is elhelyezhetnek sütiket a weboldalon. Az alábbi dokumentumban tájékoztatjuk Önt a sütik használatáról.</p>



<h3 class="wp-block-heading">2. Mik azok a sütik?</h3>



<p>A süti egy kis, egyszerű fájl, amely a weboldal meglátogatásakor a böngésző segítségével az Ön számítógépének vagy más eszközének merevlemezén kerül tárolásra. A bennük tárolt információk későbbi látogatáskor visszaküldhetők a mi szervereinknek vagy az érintett harmadik felek szervereinek.</p>



<h3 class="wp-block-heading">3. Mik azok a scriptek?</h3>



<p>A script egy programkódrészlet, amely biztosítja a weboldal megfelelő és interaktív működését. A kód futtatható a szerverünkön vagy az Ön eszközén.</p>



<h3 class="wp-block-heading">4. Mi az a webjelző?</h3>



<p>A webjelző (vagy pixel tag) egy apró, láthatatlan szöveg- vagy képelem a weboldalon, amely a weboldal forgalmának nyomon követésére szolgál. A webjelzők segítségével különféle adatokat tárolunk Önről.</p>



<h3 class="wp-block-heading">5. Sütik</h3>



<p><strong>5.1 Technikai vagy funkcionális sütik</strong><br>Egyes sütik biztosítják, hogy a weboldal bizonyos részei megfelelően működjenek, és hogy az Ön felhasználói beállításai megmaradjanak. A funkcionális sütik elhelyezésével megkönnyítjük a weboldal használatát. Ennek köszönhetően például nem szükséges ismételten megadnia ugyanazokat az adatokat, és a kosarában maradnak a termékek a fizetésig. Ezeket a sütiket az Ön hozzájárulása nélkül is elhelyezhetjük.</p>



<h3 class="wp-block-heading">6. Elhelyezett sütik</h3>



<p><strong>WordPress</strong><br>Funkcionális</p>



<ul class="wp-block-list">
<li>Név: wpEmojiSettingsSupports</li>



<li>Lejárat: Munkamenet</li>



<li>Funkció: A böngésző adatait tárolja</li>
</ul>



<p><strong>Egyéb</strong></p>



<ul class="wp-block-list">
<li>Adatmegosztás: vizsgálat alatt</li>



<li>Név: brx_builder_dynamic_data_active_groups</li>



<li>Név: brx_state_themeStyles</li>



<li>Név: brx_active_window</li>



<li>Név: brx_show_pseudo_classes</li>



<li>Név: brx_builder_panel_width</li>



<li>Név: brx_state_globalClasses</li>



<li>Név: brx_state_colorPalette</li>



<li>Név: tabId</li>
</ul>



<h3 class="wp-block-heading">7. Hozzájárulás</h3>



<p>Amikor első alkalommal látogatja meg weboldalunkat, egy felugró ablakban tájékoztatjuk Önt a sütikről. Amint az „Mentés” gombra kattint, Ön hozzájárul ahhoz, hogy az Ön által kiválasztott kategóriák szerinti sütiket és beépülőket elhelyezzük, a jelen szabályzatban leírtak szerint. A sütik használatát böngészőjén keresztül bármikor letilthatja, de kérjük, vegye figyelembe, hogy ebben az esetben weboldalunk működése nem lesz teljes körű.</p>



<p><strong>7.1 Hozzájárulási beállítások kezelése</strong><br>Funkcionális – Mindig aktív<br>A technikai tárolás vagy hozzáférés feltétlenül szükséges az Ön által kért meghatározott szolgáltatás igénybevételéhez, illetve kizárólag az elektronikus hírközlő hálózaton történő adatátvitelhez.</p>



<h3 class="wp-block-heading">8. Sütik engedélyezése/letiltása és törlése</h3>



<p>Az internetböngészője segítségével automatikusan vagy manuálisan törölheti a sütiket. Beállíthatja azt is, hogy bizonyos sütik ne kerüljenek elhelyezésre. Arra is van lehetőség, hogy minden alkalommal értesítést kapjon, amikor egy süti kerül elhelyezésre. Ezekről a lehetőségekről bővebben a böngésző Súgó részében talál információt.<br>Kérjük, vegye figyelembe, hogy weboldalunk nem fog megfelelően működni, ha minden süti le van tiltva. Amennyiben a böngészőben törli a sütiket, azok ismét elhelyezésre kerülnek, amikor ismét meglátogatja weboldalunkat és hozzájárul ezekhez.</p>



<h3 class="wp-block-heading">9. Az Ön személyes adataihoz kapcsolódó jogai</h3>



<p>Az Ön személyes adataival kapcsolatban a következő jogok illetik meg:</p>



<ul class="wp-block-list">
<li>Jogában áll tudni, miért van szükség személyes adataira, mi történik azokkal, és mennyi ideig kerülnek megőrzésre.</li>



<li>Hozzáférési jog: jogosult megismerni az általunk kezelt személyes adatait.</li>



<li>Helyesbítéshez való jog: jogosult személyes adatait kiegészíteni, javítani, töröltetni vagy zároltatni.</li>



<li>Ha hozzájárulását adta adatainak kezeléséhez, jogában áll azt visszavonni, valamint kérni személyes adatainak törlését.</li>



<li>Adathordozhatósághoz való jog: jogosult kérni, hogy minden személyes adatát átadjuk egy másik adatkezelőnek.</li>



<li>Tiltakozási jog: jogosult tiltakozni személyes adatai kezelése ellen. Ebben az esetben ennek eleget teszünk, kivéve, ha az adatkezelést igazoltan indokolt okok támasztják alá.</li>
</ul>



<p>Ezen jogok gyakorlásához kérjük, vegye fel velünk a kapcsolatot. Elérhetőségeinket jelen szabályzat végén találja. Amennyiben panasza van az adatkezeléssel kapcsolatban, szívesen meghallgatjuk, de joga van a felügyeleti hatóságnál (Nemzeti Adatvédelmi és Információszabadság Hatóság) panaszt tenni.</p>



<h3 class="wp-block-heading">10. Elérhetőségek</h3>



<p>Amennyiben kérdése és/vagy észrevétele van sütiszabályzatunkkal kapcsolatban, kérjük, vegye fel velünk a kapcsolatot az alábbi elérhetőségeken:</p>



<p>Zhao Air System Hungary Kft.<br>5123 Jászárokszállás, Ipari út 2.<br>Magyarország<br>Weboldal: <a href="https://zhaoair.eu/zh/?utm_source=chatgpt.com">https://zhaoair.eu</a><br>电子邮箱： <a>info@zhaoair.eu</a></p>

<p>1. Bevezetés A https://zhaoair.eu weboldal (a továbbiakban: „weboldal”) sütiket és más kapcsolódó technológiákat használ (az egyszerűség kedvéért a továbbiakban minden technológiát „sütiknek” nevezünk). Harmadik felek is elhelyezhetnek sütiket a weboldalon. Az alábbi dokumentumban tájékoztatjuk Önt a sütik használatáról. 2. Mik azok a sütik? A süti egy kis, egyszerű fájl, amely a weboldal meglátogatásakor a böngésző [&hellip;]</p>
